{"id":622,"date":"2025-02-25T03:17:35","date_gmt":"2025-02-25T02:17:35","guid":{"rendered":"https:\/\/lalka.spa\/?post_type=product&#038;p=622"},"modified":"2025-02-25T03:19:54","modified_gmt":"2025-02-25T02:19:54","slug":"creme-matricielle-200ml","status":"publish","type":"product","link":"https:\/\/lalka.spa\/index.php\/product\/creme-matricielle-200ml\/","title":{"rendered":"Cr\u00e8me Matricielle 200ml"},"content":{"rendered":"<h3>Sk\u0142adniki aktywne<\/h3>\n<p><strong>o dzia\u0142aniu uj\u0119drniaj\u0105cym: <\/strong>lipopeptyd (antygrawitacyjny\/uj\u0119drniaj\u0105cy), lipopeptyd Matrixyl<\/p>\n<p><strong>o dzia\u0142anie odnawiaj\u0105cym: <\/strong>wyci\u0105g z koralowca morskiego (redukuje widoczno\u015b\u0107 \u201csk\u00f3rki pomara\u0144czowej\u201d)<\/p>\n<p><strong>o dzia\u0142aniu nawil\u017caj\u0105cym: <\/strong>odtworzony naturalny czynnik nawil\u017caj\u0105cy (NMF), nawil\u017caj\u0105ce cukry ro\u015blinne, mas\u0142o shea<\/p>\n<h3>Jak stosowa\u0107?<\/h3>\n<div class=\"page\" title=\"Page 6\">\n<div class=\"layoutArea\">\n<div class=\"column\">\n<div class=\"page\" title=\"Page 7\">\n<div class=\"layoutArea\">\n<p class=\"para-text font-weight-regular\">1. Nak\u0142adaj rano i\/lub wieczorem na ca\u0142e cia\u0142o, a w szczeg\u00f3lno\u015bci na partie najbardziej podatne na utrat\u0119 j\u0119drno\u015bci (uda, brzuch, tu\u0142\u00f3w i ramiona).<\/p>\n<p class=\"para-text font-weight-regular\">2. Masuj delikatnymi ruchami skierowanymi ku g\u00f3rze.<\/p>\n<p class=\"para-text font-weight-regular\">3. Aby wzmocni\u0107 rezultaty, przy aplikacji kremu u\u017cywaj r\u0119kawicy do cia\u0142a Gant de Massage Corps Biologique Recherche.<\/p>\n<p class=\"para-text font-weight-regular\">4. Dla wzmocnienia dzia\u0142ania stosuj w po\u0142\u0105czeniu z S\u00e9rum Matriciel do cia\u0142a.<\/p>\n<\/div>\n<\/div>\n<\/div>\n<\/div>\n<\/div>\n","protected":false},"excerpt":{"rendered":"<p>200 ml ( Produkt dost\u0119pny tak\u017ce w wersji 100 ml)<\/p>\n<div class=\"page\" title=\"Page 3\">\n<div class=\"layoutArea\">\n<div class=\"column\">\n<div class=\"page\" title=\"Page 3\">\n<div class=\"layoutArea\">\n<div class=\"column\">\n<p class=\"heading-small mb-0\">Cr\u00e8me Matricielle to intensywny krem uj\u0119drniaj\u0105cy, kt\u00f3ry widocznie poprawia napi\u0119cie i struktur\u0119 sk\u00f3ry.<\/p>\n<\/div>\n<\/div>\n<\/div>\n<\/div>\n<\/div>\n<\/div>\n<h3><\/h3>\n<h3>Dzia\u0142anie<\/h3>\n<div class=\"page\" title=\"Page 3\">\n<div class=\"layoutArea\">\n<div class=\"column\">\n<div class=\"page\" title=\"Page 3\">\n<div class=\"layoutArea\">\n<div class=\"column\">\n<p class=\"para-text-bold\">Dzia\u0142a na zwiotcza\u0142\u0105 sk\u00f3r\u0119 cia\u0142a, zw\u0142aszcza w obszarach najbardziej podatnych na utrat\u0119 j\u0119drno\u015bci (uda, brzuch, tu\u0142\u00f3w i ramiona), spowodowan\u0105 zmniejszon\u0105 produkcj\u0105 w\u0142\u00f3kien podporowych (kolagenu i elastyny) oraz zmian\u0105 po\u0142\u0105cze\u0144 sk\u00f3rno-nask\u00f3rkowych. Dzi\u0119ki delikatnej, jedwabistej, ale niet\u0142ustej konsystencji, pozwala na wykonywanie masa\u017cy, kt\u00f3re znacznie przyspieszaj\u0105 widoczno\u015b\u0107 efekt\u00f3w. Dzie\u0144 po dniu sk\u00f3ra jest bardziej wyg\u0142adzona, uj\u0119drniona i lepiej napi\u0119ta.<\/p>\n<p class=\"para-text-bold\">Stany Sk\u00f3ry<sup>\u00a9<\/sup> z utrat\u0105 napi\u0119cia i j\u0119drno\u015bci<\/p>\n<\/div>\n<\/div>\n<\/div>\n<\/div>\n<\/div>\n<\/div>\n","protected":false},"featured_media":659,"template":"","meta":[],"product_brand":[],"product_cat":[28],"product_tag":[],"class_list":{"0":"post-622","1":"product","2":"type-product","3":"status-publish","4":"has-post-thumbnail","6":"product_cat-cialo","8":"first","9":"onbackorder","10":"shipping-taxable","11":"purchasable","12":"product-type-simple"},"_links":{"self":[{"href":"https:\/\/lalka.spa\/index.php\/wp-json\/wp\/v2\/product\/622","targetHints":{"allow":["GET"]}}],"collection":[{"href":"https:\/\/lalka.spa\/index.php\/wp-json\/wp\/v2\/product"}],"about":[{"href":"https:\/\/lalka.spa\/index.php\/wp-json\/wp\/v2\/types\/product"}],"wp:featuredmedia":[{"embeddable":true,"href":"https:\/\/lalka.spa\/index.php\/wp-json\/wp\/v2\/media\/659"}],"wp:attachment":[{"href":"https:\/\/lalka.spa\/index.php\/wp-json\/wp\/v2\/media?parent=622"}],"wp:term":[{"taxonomy":"product_brand","embeddable":true,"href":"https:\/\/lalka.spa\/index.php\/wp-json\/wp\/v2\/product_brand?post=622"},{"taxonomy":"product_cat","embeddable":true,"href":"https:\/\/lalka.spa\/index.php\/wp-json\/wp\/v2\/product_cat?post=622"},{"taxonomy":"product_tag","embeddable":true,"href":"https:\/\/lalka.spa\/index.php\/wp-json\/wp\/v2\/product_tag?post=622"}],"curies":[{"name":"wp","href":"https:\/\/api.w.org\/{rel}","templated":true}]}}