{"id":573,"date":"2025-02-25T03:15:58","date_gmt":"2025-02-25T02:15:58","guid":{"rendered":"https:\/\/lalka.spa\/?post_type=product&#038;p=573"},"modified":"2025-02-25T03:17:44","modified_gmt":"2025-02-25T02:17:44","slug":"gant-de-massage-visage","status":"publish","type":"product","link":"https:\/\/lalka.spa\/index.php\/product\/gant-de-massage-visage\/","title":{"rendered":"Gant de Massage Visage"},"content":{"rendered":"<h3>Jak stosowa\u0107?<\/h3>\n<h5>Z mleczkiem:<\/h5>\n<p>1. Na\u0142\u00f3\u017c mleczko na ca\u0142\u0105 twarz, szyj\u0119 i dekolt wykonuj\u0105c okr\u0119\u017cne ruchy.<\/p>\n<p>2. Nast\u0119pnie na\u0142\u00f3\u017c r\u0119kawic\u0119 na palce: wskazuj\u0105cy, \u015brodkowy i serdeczny. U\u017cywaj strony r\u0119kawicy z grubszymi kolcami.<\/p>\n<p>3. Wykonaj masa\u017c stosuj\u0105c okr\u0119\u017cne ruchy zaczynaj\u0105c od dekoltu, a ko\u0144cz\u0105c na twarzy.<\/p>\n<h5>Z mask\u0105 lub kremem:<\/h5>\n<p>1. Na\u0142\u00f3\u017c mask\u0119 lub be\u017cowy krem na ca\u0142\u0105 twarz, szyj\u0119 i dekolt.<\/p>\n<p>2. Nast\u0119pnie na\u0142\u00f3\u017c r\u0119kawic\u0119 na palce: wskazuj\u0105cy, \u015brodkowy i serdeczny. U\u017cywaj strony r\u0119kawicy z grubszymi kolcami.<\/p>\n<p>3. Wykonaj masa\u017c stosuj\u0105c okr\u0119\u017cne ruchy zaczynaj\u0105c od dekoltu, a ko\u0144cz\u0105c na twarzy. W przypadku maski, usu\u0144 nadmiar produktu za pomoc\u0105 mokrego wacika, a nast\u0119pnie osusz sk\u00f3r\u0119.<\/p>\n<p>Strona r\u0119kawicy z cienkimi kolcami mo\u017ce by\u0107 u\u017cyta do wykonania masa\u017cu rozst\u0119p\u00f3w na ciele.<\/p>\n","protected":false},"excerpt":{"rendered":"<p>Gant de Massage Visage to silikonowa r\u0119kawica wspomaga oczyszczanie sk\u00f3ry, pobudza mikrokr\u0105\u017cenie u\u0142atwiaj\u0105c wch\u0142anianie sk\u0142adnik\u00f3w aktywnych.<\/p>\n<h3>Dzia\u0142anie<\/h3>\n<div id=\"effect\" class=\"subsection\">\n<p>R\u0119kawica do masa\u017cu twarzy to niezb\u0119dne silikonowe akcesorium w codziennej piel\u0119gnacji. Skutecznie stymuluje dzia\u0142anie produkt\u00f3w Biologique Recherche. R\u0119kawica posiada dwie strony z kolcami, kt\u00f3re umo\u017cliwiaj\u0105 wykonanie masa\u017cu. Mo\u017cemy j\u0105 zastosowa\u0107 z mleczkiem podczas demakija\u017cu, z mask\u0105 lub be\u017cowym kremem Biologique Recherche.<\/p>\n<\/div>\n","protected":false},"featured_media":626,"template":"","meta":[],"product_brand":[],"product_cat":[27],"product_tag":[],"class_list":{"0":"post-573","1":"product","2":"type-product","3":"status-publish","4":"has-post-thumbnail","6":"product_cat-akcesoria","8":"first","9":"onbackorder","10":"shipping-taxable","11":"purchasable","12":"product-type-simple"},"_links":{"self":[{"href":"https:\/\/lalka.spa\/index.php\/wp-json\/wp\/v2\/product\/573","targetHints":{"allow":["GET"]}}],"collection":[{"href":"https:\/\/lalka.spa\/index.php\/wp-json\/wp\/v2\/product"}],"about":[{"href":"https:\/\/lalka.spa\/index.php\/wp-json\/wp\/v2\/types\/product"}],"wp:featuredmedia":[{"embeddable":true,"href":"https:\/\/lalka.spa\/index.php\/wp-json\/wp\/v2\/media\/626"}],"wp:attachment":[{"href":"https:\/\/lalka.spa\/index.php\/wp-json\/wp\/v2\/media?parent=573"}],"wp:term":[{"taxonomy":"product_brand","embeddable":true,"href":"https:\/\/lalka.spa\/index.php\/wp-json\/wp\/v2\/product_brand?post=573"},{"taxonomy":"product_cat","embeddable":true,"href":"https:\/\/lalka.spa\/index.php\/wp-json\/wp\/v2\/product_cat?post=573"},{"taxonomy":"product_tag","embeddable":true,"href":"https:\/\/lalka.spa\/index.php\/wp-json\/wp\/v2\/product_tag?post=573"}],"curies":[{"name":"wp","href":"https:\/\/api.w.org\/{rel}","templated":true}]}}