{"id":560,"date":"2025-02-25T03:15:33","date_gmt":"2025-02-25T02:15:33","guid":{"rendered":"https:\/\/lalka.spa\/?post_type=product&#038;p=560"},"modified":"2025-02-25T03:17:14","modified_gmt":"2025-02-25T02:17:14","slug":"emulsion-gel-biosensible","status":"publish","type":"product","link":"https:\/\/lalka.spa\/index.php\/product\/emulsion-gel-biosensible\/","title":{"rendered":"Emulsion Gel Biosensible"},"content":{"rendered":"<h3>Sk\u0142adniki aktywne<\/h3>\n<h5>\u0142agodz\u0105ce<\/h5>\n<ul>\n<li>wyci\u0105g z korzenia kudzu, proteiny mleka, kompleks wody morskiej i wyci\u0105gu z dyni<\/li>\n<\/ul>\n<h5>nawil\u017caj\u0105ce<\/h5>\n<ul>\n<li>kompleks naturalnych cukr\u00f3w nawil\u017caj\u0105cych i peptyd\u00f3w, kompleks kwasu hialuronowego i rizobium, NMF<\/li>\n<\/ul>\n<h5>relipiduj\u0105ce<\/h5>\n<ul>\n<li>olej sacha inchi, olej winogronowy<\/li>\n<\/ul>\n<h5>antyoksydacyjne<\/h5>\n<ul>\n<li>olejek eteryczny kminkowy, mleczko pszczele, jedwab<\/li>\n<\/ul>\n<h3>Jak stosowa\u0107?<\/h3>\n<p>Twarz, szyja i dekolt dwa razy dziennie.\u00a0Po zastosowaniu odpowiedniego dla Twojej sk\u00f3ry Lotionu z serii P50 niewielk\u0105 ilo\u015b\u0107 kremu na\u0142\u00f3\u017c na sk\u00f3r\u0119 ruchami od do\u0142u do g\u00f3ry.<\/p>\n","protected":false},"excerpt":{"rendered":"<p>Pojemno\u015b\u0107 &#8211; 50ml<\/p>\n<p>Emulsion Gel Biosensible to od\u017cywcza emulsja anti-aging na bazie kwas\u00f3w omega koi podra\u017cnienia, zmniejsza wra\u017cliwo\u015b\u0107 sk\u00f3ry, nawil\u017ca i chroni.<\/p>\n<h3>Dzia\u0142anie<\/h3>\n<p>Lekka emulsja odwra\u017cliwiaj\u0105ca do sk\u00f3ry wra\u017cliwej i reaktywnej. \u0141agodzi podra\u017cnienia dzi\u0119ki innowacyjnemu dermatologicznemu wyci\u0105gowi z korzenia kudzu, zmniejsza zaczerwienienia i koi sk\u00f3r\u0119, bardzo g\u0142\u0119boko nawil\u017ca dzi\u0119ki obecno\u015bci oleju Sacha Inchi oraz pomaga chroni\u0107 Twoj\u0105 wra\u017cliw\u0105 sk\u00f3r\u0119 przed czynnikami zewn\u0119trznymi: wiatrem, mrozem czy przesuszaj\u0105c\u0105 klimatyzacj\u0105.\u00a0Doskona\u0142y krem do sk\u00f3ry po agresywnych zabiegach laserowych i innych inwazyjnych zabiegach medycyny estetycznej. Przyspiesza regeneracj\u0119 i skraca okres rekonwalescencji.<\/p>\n","protected":false},"featured_media":613,"template":"","meta":[],"product_brand":[],"product_cat":[23],"product_tag":[],"class_list":{"0":"post-560","1":"product","2":"type-product","3":"status-publish","4":"has-post-thumbnail","6":"product_cat-krem","8":"first","9":"onbackorder","10":"shipping-taxable","11":"purchasable","12":"product-type-simple"},"_links":{"self":[{"href":"https:\/\/lalka.spa\/index.php\/wp-json\/wp\/v2\/product\/560","targetHints":{"allow":["GET"]}}],"collection":[{"href":"https:\/\/lalka.spa\/index.php\/wp-json\/wp\/v2\/product"}],"about":[{"href":"https:\/\/lalka.spa\/index.php\/wp-json\/wp\/v2\/types\/product"}],"wp:featuredmedia":[{"embeddable":true,"href":"https:\/\/lalka.spa\/index.php\/wp-json\/wp\/v2\/media\/613"}],"wp:attachment":[{"href":"https:\/\/lalka.spa\/index.php\/wp-json\/wp\/v2\/media?parent=560"}],"wp:term":[{"taxonomy":"product_brand","embeddable":true,"href":"https:\/\/lalka.spa\/index.php\/wp-json\/wp\/v2\/product_brand?post=560"},{"taxonomy":"product_cat","embeddable":true,"href":"https:\/\/lalka.spa\/index.php\/wp-json\/wp\/v2\/product_cat?post=560"},{"taxonomy":"product_tag","embeddable":true,"href":"https:\/\/lalka.spa\/index.php\/wp-json\/wp\/v2\/product_tag?post=560"}],"curies":[{"name":"wp","href":"https:\/\/api.w.org\/{rel}","templated":true}]}}