{"id":464,"date":"2025-02-25T03:13:22","date_gmt":"2025-02-25T02:13:22","guid":{"rendered":"https:\/\/lalka.spa\/?post_type=product&#038;p=464"},"modified":"2025-02-25T03:13:27","modified_gmt":"2025-02-25T02:13:27","slug":"serum-elastine-8ml","status":"publish","type":"product","link":"https:\/\/lalka.spa\/index.php\/product\/serum-elastine-8ml\/","title":{"rendered":"Serum Elastine 8ml"},"content":{"rendered":"<h3>Sk\u0142adniki aktywne<\/h3>\n<h5>wyg\u0142adzaj\u0105ce<\/h5>\n<ul>\n<li>polisachrydy pochodz\u0105ce z Morza Iroise, kwas hialuronowy (ma\u0142a masa cz\u0105steczkowa)<\/li>\n<\/ul>\n<h5>wype\u0142niaj\u0105ce<\/h5>\n<ul>\n<li>fragmenty elastyny, kompleks matrykin<\/li>\n<\/ul>\n<h3>Jak stosowa\u0107?<\/h3>\n<p>Pobierz 1 ml serum Elastine. Na\u0142\u00f3\u017c serum na czyst\u0105 sk\u00f3r\u0119 twarzy, szyi i dekoltu delikatnymi ruchami, a\u017c ca\u0142y produkt ca\u0142kowicie si\u0119 wch\u0142onie.<\/p>\n","protected":false},"excerpt":{"rendered":"<p>Pojemno\u015b\u0107 &#8211; 8 ml<\/p>\n<p>Serum Elastine to serum o dzia\u0142aniu przeciwzmarszczkowym i napinaj\u0105cym.<\/p>\n<h3>Dzia\u0142anie<\/h3>\n<p>Serum Elastine to serum o dzia\u0142aniu przeciwzmarszczkowym, kt\u00f3ry stymuluje syntez\u0119 elastyny, bia\u0142ka odpowiedzialnego za elastyczno\u015b\u0107 sk\u00f3ry. Serum wykazuje dzia\u0142anie naprawcze i wspomagaj\u0105ce utrzymanie integralno\u015bci tkanek. Sk\u00f3ra staje si\u0119 wyra\u017anie wyg\u0142adzona i bardziej napi\u0119ta, dzi\u0119ki czemu wygl\u0105da m\u0142odziej. Serum polecane do piel\u0119gnacji sk\u00f3ry ze zmarszczkami i cienkimi liniami.<\/p>\n","protected":false},"featured_media":286,"template":"","meta":[],"product_brand":[],"product_cat":[20],"product_tag":[],"class_list":{"0":"post-464","1":"product","2":"type-product","3":"status-publish","4":"has-post-thumbnail","6":"product_cat-serum","8":"first","9":"onbackorder","10":"shipping-taxable","11":"purchasable","12":"product-type-simple"},"_links":{"self":[{"href":"https:\/\/lalka.spa\/index.php\/wp-json\/wp\/v2\/product\/464","targetHints":{"allow":["GET"]}}],"collection":[{"href":"https:\/\/lalka.spa\/index.php\/wp-json\/wp\/v2\/product"}],"about":[{"href":"https:\/\/lalka.spa\/index.php\/wp-json\/wp\/v2\/types\/product"}],"wp:featuredmedia":[{"embeddable":true,"href":"https:\/\/lalka.spa\/index.php\/wp-json\/wp\/v2\/media\/286"}],"wp:attachment":[{"href":"https:\/\/lalka.spa\/index.php\/wp-json\/wp\/v2\/media?parent=464"}],"wp:term":[{"taxonomy":"product_brand","embeddable":true,"href":"https:\/\/lalka.spa\/index.php\/wp-json\/wp\/v2\/product_brand?post=464"},{"taxonomy":"product_cat","embeddable":true,"href":"https:\/\/lalka.spa\/index.php\/wp-json\/wp\/v2\/product_cat?post=464"},{"taxonomy":"product_tag","embeddable":true,"href":"https:\/\/lalka.spa\/index.php\/wp-json\/wp\/v2\/product_tag?post=464"}],"curies":[{"name":"wp","href":"https:\/\/api.w.org\/{rel}","templated":true}]}}